{"id":23739,"date":"2026-04-28T14:25:09","date_gmt":"2026-04-28T14:25:09","guid":{"rendered":"https:\/\/biblioteca.xativa.es\/activitat\/por-el-dia-del-libro-cuentos\/"},"modified":"2026-04-28T14:25:09","modified_gmt":"2026-04-28T14:25:09","slug":"por-el-dia-del-libro-cuentos","status":"publish","type":"tribe_events","link":"https:\/\/biblioteca.xativa.es\/es\/activitat\/por-el-dia-del-libro-cuentos\/","title":{"rendered":"Por el dia del libro: cuentos"},"content":{"rendered":"<p>El pr\u00f3ximo mi\u00e9rcoles 29 de abril, a las 19.30 h en la Sala de personas adultas, disfrutaremos de <strong><em>YAYER\u00cdAS<\/em><\/strong> un espect\u00e1culo de cuentos para personas adultas a cargo de <strong>F\u00e9lix Albo.<\/strong><\/p>\n<p><em><strong>YAYER\u00cdAS<\/strong><\/em> es un espect\u00e1culo alocado sobre la emoci\u00f3n y la ternura. El reflejo de todo aquello que tenemos en com\u00fan, incluso sin vivir la experiencia. Una mirada sobre los nuestros estereotipos sociales y comportamientos. Todos los elementos que aparecen en las historias van creando una atm\u00f3sfera \u00fanica donde respiran todos sus personajes y, que tambi\u00e9n acaba respirando entre risas el p\u00fablico.<\/p>\n<p><strong>F\u00e9lix Albo<\/strong> (Albaida, 1972) es un narrador oral y escritor que ha participado en numerosos festivales de narraci\u00f3n oral nacionales como los celebrados a Naron, Guadalajara y Cuenca u otros internacionales a pa\u00edses como Colombia, Francia, Marruecos o M\u00e9xico entre otros. Adem\u00e1s, desde 2007 mantiene la web <em><strong>Biblioteca de los elefantes<\/strong><\/em>, un espacio donde ofrece opiniones sobre una selecci\u00f3n propia de obras de literatura infantil y juvenil.<\/p>\n","protected":false},"excerpt":{"rendered":"<p>El pr\u00f3ximo mi\u00e9rcoles 29 de abril, a las 19.30 h en la Sala de personas adultas, disfrutaremos de YAYER\u00cdAS un espect\u00e1culo de cuentos para personas adultas a cargo de F\u00e9lix Albo. YAYER\u00cdAS es un espect\u00e1culo alocado sobre la emoci\u00f3n y la ternura. El reflejo de todo aquello que tenemos en com\u00fan, incluso sin vivir la [&hellip;]<\/p>\n","protected":false},"author":2,"featured_media":23736,"template":"","meta":{"site-sidebar-layout":"default","site-content-layout":"","ast-site-content-layout":"default","site-content-style":"default","site-sidebar-style":"default","ast-global-header-display":"","ast-banner-title-visibility":"","ast-main-header-display":"","ast-hfb-above-header-display":"","ast-hfb-below-header-display":"","ast-hfb-mobile-header-display":"","site-post-title":"","ast-breadcrumbs-content":"","ast-featured-img":"","footer-sml-layout":"","ast-disable-related-posts":"","theme-transparent-header-meta":"default","adv-header-id-meta":"","stick-header-meta":"default","header-above-stick-meta":"","header-main-stick-meta":"","header-below-stick-meta":"","astra-migrate-meta-layouts":"default","ast-page-background-enabled":"default","ast-page-background-meta":{"desktop":{"background-color":"var(--ast-global-color-4)","background-image":"","background-repeat":"repeat","background-position":"center center","background-size":"auto","background-attachment":"scroll","background-type":"","background-media":"","overlay-type":"","overlay-color":"","overlay-opacity":"","overlay-gradient":""},"tablet":{"background-color":"","background-image":"","background-repeat":"repeat","background-position":"center center","background-size":"auto","background-attachment":"scroll","background-type":"","background-media":"","overlay-type":"","overlay-color":"","overlay-opacity":"","overlay-gradient":""},"mobile":{"background-color":"","background-image":"","background-repeat":"repeat","background-position":"center center","background-size":"auto","background-attachment":"scroll","background-type":"","background-media":"","overlay-type":"","overlay-color":"","overlay-opacity":"","overlay-gradient":""}},"ast-content-background-meta":{"desktop":{"background-color":"var(--ast-global-color-5)","background-image":"","background-repeat":"repeat","background-position":"center center","background-size":"auto","background-attachment":"scroll","background-type":"","background-media":"","overlay-type":"","overlay-color":"","overlay-opacity":"","overlay-gradient":""},"tablet":{"background-color":"var(--ast-global-color-5)","background-image":"","background-repeat":"repeat","background-position":"center center","background-size":"auto","background-attachment":"scroll","background-type":"","background-media":"","overlay-type":"","overlay-color":"","overlay-opacity":"","overlay-gradient":""},"mobile":{"background-color":"var(--ast-global-color-5)","background-image":"","background-repeat":"repeat","background-position":"center center","background-size":"auto","background-attachment":"scroll","background-type":"","background-media":"","overlay-type":"","overlay-color":"","overlay-opacity":"","overlay-gradient":""}},"_tribe_events_status":"","_tribe_events_status_reason":"","footnotes":""},"tags":[],"tribe_events_cat":[],"class_list":["post-23739","tribe_events","type-tribe_events","status-publish","has-post-thumbnail","hentry"],"_links":{"self":[{"href":"https:\/\/biblioteca.xativa.es\/es\/wp-json\/wp\/v2\/tribe_events\/23739"}],"collection":[{"href":"https:\/\/biblioteca.xativa.es\/es\/wp-json\/wp\/v2\/tribe_events"}],"about":[{"href":"https:\/\/biblioteca.xativa.es\/es\/wp-json\/wp\/v2\/types\/tribe_events"}],"author":[{"embeddable":true,"href":"https:\/\/biblioteca.xativa.es\/es\/wp-json\/wp\/v2\/users\/2"}],"version-history":[{"count":0,"href":"https:\/\/biblioteca.xativa.es\/es\/wp-json\/wp\/v2\/tribe_events\/23739\/revisions"}],"wp:featuredmedia":[{"embeddable":true,"href":"https:\/\/biblioteca.xativa.es\/es\/wp-json\/wp\/v2\/media\/23736"}],"wp:attachment":[{"href":"https:\/\/biblioteca.xativa.es\/es\/wp-json\/wp\/v2\/media?parent=23739"}],"wp:term":[{"taxonomy":"post_tag","embeddable":true,"href":"https:\/\/biblioteca.xativa.es\/es\/wp-json\/wp\/v2\/tags?post=23739"},{"taxonomy":"tribe_events_cat","embeddable":true,"href":"https:\/\/biblioteca.xativa.es\/es\/wp-json\/wp\/v2\/tribe_events_cat?post=23739"}],"curies":[{"name":"wp","href":"https:\/\/api.w.org\/{rel}","templated":true}]}}

<p>El próximo miércoles 29 de abril, a las 19.30 h en la Sala de personas adultas, disfrutaremos de <strong><em>YAYERÍAS</em></strong> un espectáculo de cuentos para personas adultas a cargo de <strong>Félix Albo.</strong></p>
<p><em><strong>YAYERÍAS</strong></em> es un espectáculo alocado sobre la emoción y la ternura. El reflejo de todo aquello que tenemos en común, incluso sin vivir la experiencia. Una mirada sobre los nuestros estereotipos sociales y comportamientos. Todos los elementos que aparecen en las historias van creando una atmósfera única donde respiran todos sus personajes y, que también acaba respirando entre risas el público.</p>
<p><strong>Félix Albo</strong> (Albaida, 1972) es un narrador oral y escritor que ha participado en numerosos festivales de narración oral nacionales como los celebrados a Naron, Guadalajara y Cuenca u otros internacionales a países como Colombia, Francia, Marruecos o México entre otros. Además, desde 2007 mantiene la web <em><strong>Biblioteca de los elefantes</strong></em>, un espacio donde ofrece opiniones sobre una selección propia de obras de literatura infantil y juvenil.</p>

<p>El próximo miércoles 29 de abril, a las 19.30 h en la Sala de personas adultas, disfrutaremos de YAYERÍAS un espectáculo de cuentos para personas adultas a cargo de Félix Albo. YAYERÍAS es un espectáculo alocado sobre la emoción y la ternura. El reflejo de todo aquello que tenemos en común, incluso sin vivir la [&hellip;]</p>
