{"id":17162,"date":"2023-02-27T12:11:00","date_gmt":"2023-02-27T12:11:00","guid":{"rendered":"https:\/\/biblioteca.xativa.es\/?post_type=tribe_events&#038;p=17162"},"modified":"2023-02-27T12:19:18","modified_gmt":"2023-02-27T12:19:18","slug":"campanya-escolar-danimacio-lectora-a-la-biblioteca-primer-cicle-de-primaria","status":"publish","type":"tribe_events","link":"https:\/\/biblioteca.xativa.es\/es\/activitat\/campanya-escolar-danimacio-lectora-a-la-biblioteca-primer-cicle-de-primaria\/","title":{"rendered":"Campa\u00f1a escolar de animaci\u00f3n lectora en la Biblioteca. Primer ciclo de primaria"},"content":{"rendered":"<p>La Biblioteca de X\u00e0tiva, empieza, como todos los a\u00f1os, su campa\u00f1a escolar de animaci\u00f3n lectora y lo hace con las ni\u00f1as y ni\u00f1os de primero y segundo de primaria. Los peque\u00f1os visitar\u00e1n nuestra Biblioteca entre el 1 y el 10 de marzo. La actividad la llevar\u00e1 a cabo Silvia Colomer con el espect\u00e1culo \u00ab10, o son m\u00e1s\u00bb, donde se presentar\u00e1 un reto a los escolares: encontrar 10 utilidades para un libro. Crear, imaginar, leer, interpretar, jugar, compartir, aprender, divertirse, emocionarse, contar, cantar\u2026 \u00a1y tantas otras cosas!<\/p>\n<p>Descubre en la Biblioteca el maravilloso mundo del libro!<\/p>\n<p>Colegios que participan:<\/p>\n<p>CEIP Attilio Bruschetti<br \/>\nCEIP Beato Jacinto Casta\u00f1eda<br \/>\nCEP Gozalbes Vera<br \/>\nColegio La Inmaculada<br \/>\nCEIP Mart\u00ednez Bellver<br \/>\nColegio Ntra. Sra. de la Seo<br \/>\nCEIP Taqu\u00edgrafo Mart\u00ed<\/p>\n<p>&nbsp;<\/p>\n<p>Calendario de sesiones:<\/p>\n<p>1 marzo &#8211; 2 sesiones Ntra Sra. de la Seo (9:30 \/ 11 h)<\/p>\n<p>3 marzo &#8211; 2 sesiones CEIP Gozalbes Vera (9:30 \/ 11 h)<\/p>\n<p>6 marzo &#8211; 2 sesiones CEIP Attilio Bruschetti 9:30 h i CEIP Mart\u00ednez Bellver 11 h.<\/p>\n<p>7 marzo &#8211; 2 sesiones La Inmaculada 9:30 h i CEIP Taqu\u00edgraf Mart\u00ed 11h.<\/p>\n<p>10 marzo &#8211; 3 sesiones CEIP Beato Jacinto Casta\u00f1eda(9:30 \/ 11 \/ 12:30 h)<\/p>\n","protected":false},"excerpt":{"rendered":"<p>La Biblioteca de X\u00e0tiva, empieza, como todos los a\u00f1os, su campa\u00f1a escolar de animaci\u00f3n lectora y lo hace con las ni\u00f1as y ni\u00f1os de primero y segundo de primaria. Los peque\u00f1os visitar\u00e1n nuestra Biblioteca entre el 1 y el 10 de marzo. La actividad la llevar\u00e1 a cabo Silvia Colomer con el espect\u00e1culo \u00ab10, o [&hellip;]<\/p>\n","protected":false},"author":2,"featured_media":17164,"template":"","meta":{"site-sidebar-layout":"default","site-content-layout":"default","ast-site-content-layout":"default","site-content-style":"default","site-sidebar-style":"default","ast-global-header-display":"","ast-banner-title-visibility":"","ast-main-header-display":"","ast-hfb-above-header-display":"","ast-hfb-below-header-display":"","ast-hfb-mobile-header-display":"","site-post-title":"","ast-breadcrumbs-content":"","ast-featured-img":"","footer-sml-layout":"","ast-disable-related-posts":"","theme-transparent-header-meta":"default","adv-header-id-meta":"","stick-header-meta":"default","header-above-stick-meta":"","header-main-stick-meta":"","header-below-stick-meta":"","astra-migrate-meta-layouts":"default","ast-page-background-enabled":"default","ast-page-background-meta":{"desktop":{"background-color":"var(--ast-global-color-4)","background-image":"","background-repeat":"repeat","background-position":"center center","background-size":"auto","background-attachment":"scroll","background-type":"","background-media":"","overlay-type":"","overlay-color":"","overlay-opacity":"","overlay-gradient":""},"tablet":{"background-color":"","background-image":"","background-repeat":"repeat","background-position":"center center","background-size":"auto","background-attachment":"scroll","background-type":"","background-media":"","overlay-type":"","overlay-color":"","overlay-opacity":"","overlay-gradient":""},"mobile":{"background-color":"","background-image":"","background-repeat":"repeat","background-position":"center center","background-size":"auto","background-attachment":"scroll","background-type":"","background-media":"","overlay-type":"","overlay-color":"","overlay-opacity":"","overlay-gradient":""}},"ast-content-background-meta":{"desktop":{"background-color":"var(--ast-global-color-5)","background-image":"","background-repeat":"repeat","background-position":"center center","background-size":"auto","background-attachment":"scroll","background-type":"","background-media":"","overlay-type":"","overlay-color":"","overlay-opacity":"","overlay-gradient":""},"tablet":{"background-color":"var(--ast-global-color-5)","background-image":"","background-repeat":"repeat","background-position":"center center","background-size":"auto","background-attachment":"scroll","background-type":"","background-media":"","overlay-type":"","overlay-color":"","overlay-opacity":"","overlay-gradient":""},"mobile":{"background-color":"var(--ast-global-color-5)","background-image":"","background-repeat":"repeat","background-position":"center center","background-size":"auto","background-attachment":"scroll","background-type":"","background-media":"","overlay-type":"","overlay-color":"","overlay-opacity":"","overlay-gradient":""}},"_tribe_events_status":"","_tribe_events_status_reason":"","footnotes":""},"tags":[],"tribe_events_cat":[],"class_list":["post-17162","tribe_events","type-tribe_events","status-publish","has-post-thumbnail","hentry"],"_links":{"self":[{"href":"https:\/\/biblioteca.xativa.es\/es\/wp-json\/wp\/v2\/tribe_events\/17162"}],"collection":[{"href":"https:\/\/biblioteca.xativa.es\/es\/wp-json\/wp\/v2\/tribe_events"}],"about":[{"href":"https:\/\/biblioteca.xativa.es\/es\/wp-json\/wp\/v2\/types\/tribe_events"}],"author":[{"embeddable":true,"href":"https:\/\/biblioteca.xativa.es\/es\/wp-json\/wp\/v2\/users\/2"}],"version-history":[{"count":0,"href":"https:\/\/biblioteca.xativa.es\/es\/wp-json\/wp\/v2\/tribe_events\/17162\/revisions"}],"wp:featuredmedia":[{"embeddable":true,"href":"https:\/\/biblioteca.xativa.es\/es\/wp-json\/wp\/v2\/media\/17164"}],"wp:attachment":[{"href":"https:\/\/biblioteca.xativa.es\/es\/wp-json\/wp\/v2\/media?parent=17162"}],"wp:term":[{"taxonomy":"post_tag","embeddable":true,"href":"https:\/\/biblioteca.xativa.es\/es\/wp-json\/wp\/v2\/tags?post=17162"},{"taxonomy":"tribe_events_cat","embeddable":true,"href":"https:\/\/biblioteca.xativa.es\/es\/wp-json\/wp\/v2\/tribe_events_cat?post=17162"}],"curies":[{"name":"wp","href":"https:\/\/api.w.org\/{rel}","templated":true}]}}

Campaña escolar de animación lectora en la Biblioteca. Primer ciclo de primaria

<p>La Biblioteca de Xàtiva, empieza, como todos los años, su campaña escolar de animación lectora y lo hace con las niñas y niños de primero y segundo de primaria. Los pequeños visitarán nuestra Biblioteca entre el 1 y el 10 de marzo. La actividad la llevará a cabo Silvia Colomer con el espectáculo «10, o son más», donde se presentará un reto a los escolares: encontrar 10 utilidades para un libro. Crear, imaginar, leer, interpretar, jugar, compartir, aprender, divertirse, emocionarse, contar, cantar… ¡y tantas otras cosas!</p>
<p>Descubre en la Biblioteca el maravilloso mundo del libro!</p>
<p>Colegios que participan:</p>
<p>CEIP Attilio Bruschetti<br />
CEIP Beato Jacinto Castañeda<br />
CEP Gozalbes Vera<br />
Colegio La Inmaculada<br />
CEIP Martínez Bellver<br />
Colegio Ntra. Sra. de la Seo<br />
CEIP Taquígrafo Martí</p>
<p>&nbsp;</p>
<p>Calendario de sesiones:</p>
<p>1 marzo &#8211; 2 sesiones Ntra Sra. de la Seo (9:30 / 11 h)</p>
<p>3 marzo &#8211; 2 sesiones CEIP Gozalbes Vera (9:30 / 11 h)</p>
<p>6 marzo &#8211; 2 sesiones CEIP Attilio Bruschetti 9:30 h i CEIP Martínez Bellver 11 h.</p>
<p>7 marzo &#8211; 2 sesiones La Inmaculada 9:30 h i CEIP Taquígraf Martí 11h.</p>
<p>10 marzo &#8211; 3 sesiones CEIP Beato Jacinto Castañeda(9:30 / 11 / 12:30 h)</p>

<p>La Biblioteca de Xàtiva, empieza, como todos los años, su campaña escolar de animación lectora y lo hace con las niñas y niños de primero y segundo de primaria. Los pequeños visitarán nuestra Biblioteca entre el 1 y el 10 de marzo. La actividad la llevará a cabo Silvia Colomer con el espectáculo «10, o [&hellip;]</p>
