{"id":15929,"date":"2022-06-22T09:37:17","date_gmt":"2022-06-22T09:37:17","guid":{"rendered":"https:\/\/biblioteca.xativa.es\/activitat\/concert-presentacio-del-cd-del-millenari-del-collar-de-la-coloma\/"},"modified":"2022-06-22T09:39:45","modified_gmt":"2022-06-22T09:39:45","slug":"concert-presentacio-del-cd-del-millenari-del-collar-de-la-coloma","status":"publish","type":"tribe_events","link":"https:\/\/biblioteca.xativa.es\/es\/activitat\/concert-presentacio-del-cd-del-millenari-del-collar-de-la-coloma\/","title":{"rendered":"Concierto-presentaci\u00f3n del CD del Milenario de El Collar de la Paloma"},"content":{"rendered":"<p><span style=\"color: #44464d;\"><span style=\"font-family: Josefin Sans, sans-serif;\">El pasado 16 de junio de 2022 presentamos en el patio de la biblioteca municipal el CD del Milenario de El Collar de la Paloma, con textos de Ibn Hazm de C\u00f3rdoba en versi\u00f3n valenciana de Toni Mart\u00ednez. Con asistencia de muchos usuarios y p\u00fablico interesado, a continuaci\u00f3n de la presentaci\u00f3n se ofreci\u00f3 en concierto el estreno de todo el contenido del registro sonoro.<\/span><\/span><\/p>\n<p>La voz de vicent Camps recitando los textos y los instrumentos de Maria Moreno, diego L\u00f3pez y miquel P\u00e9rez Perell\u00f3, Carlos Sanch\u00eds y carlos Maseo nos transportaron mil a\u00f1os atr\u00e1s, cuando fue escrito este tratado sobre el amor y los amantes.<\/p>\n<p>Si teneis el gusto de conseguir el Cd del Collar de la Paloma, pod\u00e9is solicitarlo gratuitament en el mostrador de la biblioteca.<\/p>\n<div id='gallery-1' class='gallery galleryid-15929 gallery-columns-3 gallery-size-thumbnail'><figure class='gallery-item'>\n\t\t\t<div class='gallery-icon landscape'>\n\t\t\t\t<a href='https:\/\/biblioteca.xativa.es\/es\/activitat\/concert-presentacio-del-cd-del-millenari-del-collar-de-la-coloma\/00-1-2-2\/'><img loading=\"lazy\" decoding=\"async\" width=\"150\" height=\"150\" src=\"https:\/\/biblioteca.xativa.es\/wp-content\/uploads\/2022\/06\/00-1-2-150x150.jpg\" class=\"attachment-thumbnail size-thumbnail\" alt=\"\" \/><\/a>\n\t\t\t<\/div><\/figure><figure class='gallery-item'>\n\t\t\t<div class='gallery-icon landscape'>\n\t\t\t\t<a href='https:\/\/biblioteca.xativa.es\/es\/activitat\/concert-presentacio-del-cd-del-millenari-del-collar-de-la-coloma\/00-2-2-2\/'><img loading=\"lazy\" decoding=\"async\" width=\"150\" height=\"150\" src=\"https:\/\/biblioteca.xativa.es\/wp-content\/uploads\/2022\/06\/00-2-2-150x150.jpg\" class=\"attachment-thumbnail size-thumbnail\" alt=\"\" \/><\/a>\n\t\t\t<\/div><\/figure><figure class='gallery-item'>\n\t\t\t<div class='gallery-icon landscape'>\n\t\t\t\t<a href='https:\/\/biblioteca.xativa.es\/es\/activitat\/concert-presentacio-del-cd-del-millenari-del-collar-de-la-coloma\/00-3-2-2\/'><img loading=\"lazy\" decoding=\"async\" width=\"150\" height=\"150\" src=\"https:\/\/biblioteca.xativa.es\/wp-content\/uploads\/2022\/06\/00-3-2-150x150.jpg\" class=\"attachment-thumbnail size-thumbnail\" alt=\"\" \/><\/a>\n\t\t\t<\/div><\/figure><figure class='gallery-item'>\n\t\t\t<div class='gallery-icon landscape'>\n\t\t\t\t<a href='https:\/\/biblioteca.xativa.es\/es\/activitat\/concert-presentacio-del-cd-del-millenari-del-collar-de-la-coloma\/00-4-2-2\/'><img loading=\"lazy\" decoding=\"async\" width=\"150\" height=\"150\" src=\"https:\/\/biblioteca.xativa.es\/wp-content\/uploads\/2022\/06\/00-4-2-150x150.jpg\" class=\"attachment-thumbnail size-thumbnail\" alt=\"\" \/><\/a>\n\t\t\t<\/div><\/figure><figure class='gallery-item'>\n\t\t\t<div class='gallery-icon portrait'>\n\t\t\t\t<a href='https:\/\/biblioteca.xativa.es\/es\/activitat\/concert-presentacio-del-cd-del-millenari-del-collar-de-la-coloma\/00-5-2-2\/'><img loading=\"lazy\" decoding=\"async\" width=\"150\" height=\"150\" src=\"https:\/\/biblioteca.xativa.es\/wp-content\/uploads\/2022\/06\/00-5-2-150x150.jpg\" class=\"attachment-thumbnail size-thumbnail\" alt=\"\" \/><\/a>\n\t\t\t<\/div><\/figure><figure class='gallery-item'>\n\t\t\t<div class='gallery-icon portrait'>\n\t\t\t\t<a href='https:\/\/biblioteca.xativa.es\/es\/activitat\/concert-presentacio-del-cd-del-millenari-del-collar-de-la-coloma\/00-6-2-2\/'><img loading=\"lazy\" decoding=\"async\" width=\"150\" height=\"150\" src=\"https:\/\/biblioteca.xativa.es\/wp-content\/uploads\/2022\/06\/00-6-2-150x150.jpg\" class=\"attachment-thumbnail size-thumbnail\" alt=\"\" \/><\/a>\n\t\t\t<\/div><\/figure><figure class='gallery-item'>\n\t\t\t<div class='gallery-icon portrait'>\n\t\t\t\t<a href='https:\/\/biblioteca.xativa.es\/es\/activitat\/concert-presentacio-del-cd-del-millenari-del-collar-de-la-coloma\/00-7-2-2\/'><img loading=\"lazy\" decoding=\"async\" width=\"150\" height=\"150\" src=\"https:\/\/biblioteca.xativa.es\/wp-content\/uploads\/2022\/06\/00-7-2-150x150.jpg\" class=\"attachment-thumbnail size-thumbnail\" alt=\"\" \/><\/a>\n\t\t\t<\/div><\/figure><figure class='gallery-item'>\n\t\t\t<div class='gallery-icon landscape'>\n\t\t\t\t<a href='https:\/\/biblioteca.xativa.es\/es\/activitat\/concert-presentacio-del-cd-del-millenari-del-collar-de-la-coloma\/00-8-2-2\/'><img loading=\"lazy\" decoding=\"async\" width=\"150\" height=\"150\" src=\"https:\/\/biblioteca.xativa.es\/wp-content\/uploads\/2022\/06\/00-8-2-150x150.jpg\" class=\"attachment-thumbnail size-thumbnail\" alt=\"\" \/><\/a>\n\t\t\t<\/div><\/figure><figure class='gallery-item'>\n\t\t\t<div class='gallery-icon landscape'>\n\t\t\t\t<a href='https:\/\/biblioteca.xativa.es\/es\/activitat\/concert-presentacio-del-cd-del-millenari-del-collar-de-la-coloma\/00-9-2-2\/'><img loading=\"lazy\" decoding=\"async\" width=\"150\" height=\"150\" src=\"https:\/\/biblioteca.xativa.es\/wp-content\/uploads\/2022\/06\/00-9-2-150x150.jpg\" class=\"attachment-thumbnail size-thumbnail\" alt=\"\" srcset=\"https:\/\/biblioteca.xativa.es\/wp-content\/uploads\/2022\/06\/00-9-2-150x150.jpg 150w, https:\/\/biblioteca.xativa.es\/wp-content\/uploads\/2022\/06\/00-9-2-735x733.jpg 735w\" sizes=\"(max-width: 150px) 100vw, 150px\" \/><\/a>\n\t\t\t<\/div><\/figure>\n\t\t<\/div>\n\n","protected":false},"excerpt":{"rendered":"<p>El pasado 16 de junio de 2022 presentamos en el patio de la biblioteca municipal el CD del Milenario de El Collar de la Paloma, con textos de Ibn Hazm de C\u00f3rdoba en versi\u00f3n valenciana de Toni Mart\u00ednez. Con asistencia de muchos usuarios y p\u00fablico interesado, a continuaci\u00f3n de la presentaci\u00f3n se ofreci\u00f3 en concierto [&hellip;]<\/p>\n","protected":false},"author":2,"featured_media":15908,"template":"","meta":{"site-sidebar-layout":"default","site-content-layout":"default","ast-site-content-layout":"default","site-content-style":"default","site-sidebar-style":"default","ast-global-header-display":"","ast-banner-title-visibility":"","ast-main-header-display":"","ast-hfb-above-header-display":"","ast-hfb-below-header-display":"","ast-hfb-mobile-header-display":"","site-post-title":"","ast-breadcrumbs-content":"","ast-featured-img":"","footer-sml-layout":"","ast-disable-related-posts":"","theme-transparent-header-meta":"default","adv-header-id-meta":"","stick-header-meta":"default","header-above-stick-meta":"","header-main-stick-meta":"","header-below-stick-meta":"","astra-migrate-meta-layouts":"default","ast-page-background-enabled":"default","ast-page-background-meta":{"desktop":{"background-color":"var(--ast-global-color-4)","background-image":"","background-repeat":"repeat","background-position":"center center","background-size":"auto","background-attachment":"scroll","background-type":"","background-media":"","overlay-type":"","overlay-color":"","overlay-opacity":"","overlay-gradient":""},"tablet":{"background-color":"","background-image":"","background-repeat":"repeat","background-position":"center center","background-size":"auto","background-attachment":"scroll","background-type":"","background-media":"","overlay-type":"","overlay-color":"","overlay-opacity":"","overlay-gradient":""},"mobile":{"background-color":"","background-image":"","background-repeat":"repeat","background-position":"center center","background-size":"auto","background-attachment":"scroll","background-type":"","background-media":"","overlay-type":"","overlay-color":"","overlay-opacity":"","overlay-gradient":""}},"ast-content-background-meta":{"desktop":{"background-color":"var(--ast-global-color-5)","background-image":"","background-repeat":"repeat","background-position":"center center","background-size":"auto","background-attachment":"scroll","background-type":"","background-media":"","overlay-type":"","overlay-color":"","overlay-opacity":"","overlay-gradient":""},"tablet":{"background-color":"var(--ast-global-color-5)","background-image":"","background-repeat":"repeat","background-position":"center center","background-size":"auto","background-attachment":"scroll","background-type":"","background-media":"","overlay-type":"","overlay-color":"","overlay-opacity":"","overlay-gradient":""},"mobile":{"background-color":"var(--ast-global-color-5)","background-image":"","background-repeat":"repeat","background-position":"center center","background-size":"auto","background-attachment":"scroll","background-type":"","background-media":"","overlay-type":"","overlay-color":"","overlay-opacity":"","overlay-gradient":""}},"_tribe_events_status":"","_tribe_events_status_reason":"","footnotes":""},"tags":[1826],"tribe_events_cat":[1828],"class_list":["post-15929","tribe_events","type-tribe_events","status-publish","has-post-thumbnail","hentry","tag-collar-de-la-coloma","tribe_events_cat-presentacions","cat_presentacions"],"_links":{"self":[{"href":"https:\/\/biblioteca.xativa.es\/es\/wp-json\/wp\/v2\/tribe_events\/15929"}],"collection":[{"href":"https:\/\/biblioteca.xativa.es\/es\/wp-json\/wp\/v2\/tribe_events"}],"about":[{"href":"https:\/\/biblioteca.xativa.es\/es\/wp-json\/wp\/v2\/types\/tribe_events"}],"author":[{"embeddable":true,"href":"https:\/\/biblioteca.xativa.es\/es\/wp-json\/wp\/v2\/users\/2"}],"version-history":[{"count":0,"href":"https:\/\/biblioteca.xativa.es\/es\/wp-json\/wp\/v2\/tribe_events\/15929\/revisions"}],"wp:featuredmedia":[{"embeddable":true,"href":"https:\/\/biblioteca.xativa.es\/es\/wp-json\/wp\/v2\/media\/15908"}],"wp:attachment":[{"href":"https:\/\/biblioteca.xativa.es\/es\/wp-json\/wp\/v2\/media?parent=15929"}],"wp:term":[{"taxonomy":"post_tag","embeddable":true,"href":"https:\/\/biblioteca.xativa.es\/es\/wp-json\/wp\/v2\/tags?post=15929"},{"taxonomy":"tribe_events_cat","embeddable":true,"href":"https:\/\/biblioteca.xativa.es\/es\/wp-json\/wp\/v2\/tribe_events_cat?post=15929"}],"curies":[{"name":"wp","href":"https:\/\/api.w.org\/{rel}","templated":true}]}}

Concierto-presentación del CD del Milenario de El Collar de la Paloma

<p><span style="color: #44464d;"><span style="font-family: Josefin Sans, sans-serif;">El pasado 16 de junio de 2022 presentamos en el patio de la biblioteca municipal el CD del Milenario de El Collar de la Paloma, con textos de Ibn Hazm de Córdoba en versión valenciana de Toni Martínez. Con asistencia de muchos usuarios y público interesado, a continuación de la presentación se ofreció en concierto el estreno de todo el contenido del registro sonoro.</span></span></p>
<p>La voz de vicent Camps recitando los textos y los instrumentos de Maria Moreno, diego López y miquel Pérez Perelló, Carlos Sanchís y carlos Maseo nos transportaron mil años atrás, cuando fue escrito este tratado sobre el amor y los amantes.</p>
<p>Si teneis el gusto de conseguir el Cd del Collar de la Paloma, podéis solicitarlo gratuitament en el mostrador de la biblioteca.</p>
<div id='gallery-1' class='gallery galleryid-15929 gallery-columns-3 gallery-size-thumbnail'><figure class='gallery-item'>
			<div class='gallery-icon landscape'>
				<a href='https://biblioteca.xativa.es/es/activitat/concert-presentacio-del-cd-del-millenari-del-collar-de-la-coloma/00-1-2-2/'><img loading="lazy" decoding="async" width="150" height="150" src="https://biblioteca.xativa.es/wp-content/uploads/2022/06/00-1-2-150x150.jpg" class="attachment-thumbnail size-thumbnail" alt="" /></a>
			</div></figure><figure class='gallery-item'>
			<div class='gallery-icon landscape'>
				<a href='https://biblioteca.xativa.es/es/activitat/concert-presentacio-del-cd-del-millenari-del-collar-de-la-coloma/00-2-2-2/'><img loading="lazy" decoding="async" width="150" height="150" src="https://biblioteca.xativa.es/wp-content/uploads/2022/06/00-2-2-150x150.jpg" class="attachment-thumbnail size-thumbnail" alt="" /></a>
			</div></figure><figure class='gallery-item'>
			<div class='gallery-icon landscape'>
				<a href='https://biblioteca.xativa.es/es/activitat/concert-presentacio-del-cd-del-millenari-del-collar-de-la-coloma/00-3-2-2/'><img loading="lazy" decoding="async" width="150" height="150" src="https://biblioteca.xativa.es/wp-content/uploads/2022/06/00-3-2-150x150.jpg" class="attachment-thumbnail size-thumbnail" alt="" /></a>
			</div></figure><figure class='gallery-item'>
			<div class='gallery-icon landscape'>
				<a href='https://biblioteca.xativa.es/es/activitat/concert-presentacio-del-cd-del-millenari-del-collar-de-la-coloma/00-4-2-2/'><img loading="lazy" decoding="async" width="150" height="150" src="https://biblioteca.xativa.es/wp-content/uploads/2022/06/00-4-2-150x150.jpg" class="attachment-thumbnail size-thumbnail" alt="" /></a>
			</div></figure><figure class='gallery-item'>
			<div class='gallery-icon portrait'>
				<a href='https://biblioteca.xativa.es/es/activitat/concert-presentacio-del-cd-del-millenari-del-collar-de-la-coloma/00-5-2-2/'><img loading="lazy" decoding="async" width="150" height="150" src="https://biblioteca.xativa.es/wp-content/uploads/2022/06/00-5-2-150x150.jpg" class="attachment-thumbnail size-thumbnail" alt="" /></a>
			</div></figure><figure class='gallery-item'>
			<div class='gallery-icon portrait'>
				<a href='https://biblioteca.xativa.es/es/activitat/concert-presentacio-del-cd-del-millenari-del-collar-de-la-coloma/00-6-2-2/'><img loading="lazy" decoding="async" width="150" height="150" src="https://biblioteca.xativa.es/wp-content/uploads/2022/06/00-6-2-150x150.jpg" class="attachment-thumbnail size-thumbnail" alt="" /></a>
			</div></figure><figure class='gallery-item'>
			<div class='gallery-icon portrait'>
				<a href='https://biblioteca.xativa.es/es/activitat/concert-presentacio-del-cd-del-millenari-del-collar-de-la-coloma/00-7-2-2/'><img loading="lazy" decoding="async" width="150" height="150" src="https://biblioteca.xativa.es/wp-content/uploads/2022/06/00-7-2-150x150.jpg" class="attachment-thumbnail size-thumbnail" alt="" /></a>
			</div></figure><figure class='gallery-item'>
			<div class='gallery-icon landscape'>
				<a href='https://biblioteca.xativa.es/es/activitat/concert-presentacio-del-cd-del-millenari-del-collar-de-la-coloma/00-8-2-2/'><img loading="lazy" decoding="async" width="150" height="150" src="https://biblioteca.xativa.es/wp-content/uploads/2022/06/00-8-2-150x150.jpg" class="attachment-thumbnail size-thumbnail" alt="" /></a>
			</div></figure><figure class='gallery-item'>
			<div class='gallery-icon landscape'>
				<a href='https://biblioteca.xativa.es/es/activitat/concert-presentacio-del-cd-del-millenari-del-collar-de-la-coloma/00-9-2-2/'><img loading="lazy" decoding="async" width="150" height="150" src="https://biblioteca.xativa.es/wp-content/uploads/2022/06/00-9-2-150x150.jpg" class="attachment-thumbnail size-thumbnail" alt="" srcset="https://biblioteca.xativa.es/wp-content/uploads/2022/06/00-9-2-150x150.jpg 150w, https://biblioteca.xativa.es/wp-content/uploads/2022/06/00-9-2-735x733.jpg 735w" sizes="(max-width: 150px) 100vw, 150px" /></a>
			</div></figure>
		</div>

<p>El pasado 16 de junio de 2022 presentamos en el patio de la biblioteca municipal el CD del Milenario de El Collar de la Paloma, con textos de Ibn Hazm de Córdoba en versión valenciana de Toni Martínez. Con asistencia de muchos usuarios y público interesado, a continuación de la presentación se ofreció en concierto [&hellip;]</p>
