{"id":15698,"date":"2022-04-26T09:55:09","date_gmt":"2022-04-26T09:55:09","guid":{"rendered":"https:\/\/biblioteca.xativa.es\/publicacions-locals-digitalitzades\/papers-de-la-costera\/"},"modified":"2022-08-29T06:22:37","modified_gmt":"2022-08-29T06:22:37","slug":"papers-de-la-costera","status":"publish","type":"hemeroteca","link":"https:\/\/biblioteca.xativa.es\/es\/publicacions-locals-digitalitzades\/papers-de-la-costera\/","title":{"rendered":"Papers de La Costera"},"content":{"rendered":"\n<ul class=\"wp-block-list\"><li><strong>1981:<\/strong> <a rel=\"noreferrer noopener\" href=\"https:\/\/drive.google.com\/file\/d\/1Q99C8Rg3V_1cGgOnQ3VLg5z9wOWE5Ces\/view?usp=sharing\" target=\"_blank\">N\u00fam. 1. X\u00e0tiva &#8211; Desembre 1981. Associaci\u00f3 d&#8217;Amics de la Costera.<\/a><\/li><li><strong>1982:<\/strong> <a rel=\"noreferrer noopener\" href=\"https:\/\/drive.google.com\/file\/d\/1TgCDS_4SHc2iuTNbSqDILqGUbLtAD3Ws\/view?usp=sharing\" target=\"_blank\">N\u00fam. 2. X\u00e0tiva &#8211; Desembre 1982. Associaci\u00f3 d&#8217;Amics de la Costera.<\/a><\/li><li><a href=\"https:\/\/drive.google.com\/file\/d\/1-tBpDFCaWSQ0PxY7eXbfkc5c6KHLp-iS\/view?usp=sharing\"><strong>1986:<\/strong> N\u00fam. 3 y 4. X\u00e0tiva &#8211; Juliol 1986. Associaci\u00f3 d&#8217;Amics de la Costera.<\/a><\/li><li><a href=\"https:\/\/drive.google.com\/file\/d\/1_tmFBf33K4ERrRKq4PJozibRPIwEG0It\/view?usp=sharing\"><strong>1987:<\/strong> N\u00fam. 5. X\u00e0tiva &#8211; Octubre 1987. Associaci\u00f3 d&#8217;Amics de la Costera.<\/a><\/li><li><a href=\"https:\/\/drive.google.com\/file\/d\/1xo5plfq8qToJHu3XmLsmtKqj-SfDjoAN\/view?usp=sharing\"><strong>1989:<\/strong> N\u00fam. 6. X\u00e0tiva &#8211; Juny 1989. Associaci\u00f3 d&#8217;Amics de la Costera.<\/a><\/li><li><a href=\"https:\/\/drive.google.com\/file\/d\/1FutL24Xui2nqCkeDJylqZVyd_vIgjJK4\/view?usp=sharing\"><strong>1992:<\/strong> N\u00fam. 7 y 8. X\u00e0tiva &#8211; Maig 1992. Associaci\u00f3 d&#8217;Amics de la Costera.<\/a><\/li><li><a href=\"https:\/\/drive.google.com\/file\/d\/1KbVxIJpvu_oXS1WT5lelV_dvuksnzJEm\/view?usp=sharing\"><strong>1994:<\/strong> N\u00fam. 9. X\u00e0tiva &#8211; Juny 1994. Associaci\u00f3 d&#8217;Amics de la Costera. <\/a><\/li><li><a href=\"https:\/\/drive.google.com\/file\/d\/1wD843DAkS8mTi-hG9gR86PldvrwK2VPp\/view?usp=sharing\"><strong>1995:<\/strong> N\u00fam. 10. X\u00e0tiva &#8211; Juny 1995. Associaci\u00f3 d&#8217;Amics de la Costera. <\/a><\/li><li><a href=\"https:\/\/drive.google.com\/file\/d\/1QvYOesw6gB5iKBZ7yxm40o51awnqnn8v\/view?usp=sharing\"><strong>1998:<\/strong> N\u00fam. 11. X\u00e0tiva &#8211; Abril 1998. Associaci\u00f3 d&#8217;Amics de la Costera.<\/a><\/li><\/ul>\n\n\n\n<p><\/p>\n\n\n\n<p><\/p>\n","protected":false},"template":"","meta":{"site-sidebar-layout":"default","site-content-layout":"","ast-site-content-layout":"default","site-content-style":"default","site-sidebar-style":"default","ast-global-header-display":"","ast-banner-title-visibility":"","ast-main-header-display":"","ast-hfb-above-header-display":"","ast-hfb-below-header-display":"","ast-hfb-mobile-header-display":"","site-post-title":"","ast-breadcrumbs-content":"","ast-featured-img":"","footer-sml-layout":"","ast-disable-related-posts":"","theme-transparent-header-meta":"","adv-header-id-meta":"","stick-header-meta":"","header-above-stick-meta":"","header-main-stick-meta":"","header-below-stick-meta":"","astra-migrate-meta-layouts":"default","ast-page-background-enabled":"default","ast-page-background-meta":{"desktop":{"background-color":"var(--ast-global-color-4)","background-image":"","background-repeat":"repeat","background-position":"center center","background-size":"auto","background-attachment":"scroll","background-type":"","background-media":"","overlay-type":"","overlay-color":"","overlay-opacity":"","overlay-gradient":""},"tablet":{"background-color":"","background-image":"","background-repeat":"repeat","background-position":"center center","background-size":"auto","background-attachment":"scroll","background-type":"","background-media":"","overlay-type":"","overlay-color":"","overlay-opacity":"","overlay-gradient":""},"mobile":{"background-color":"","background-image":"","background-repeat":"repeat","background-position":"center center","background-size":"auto","background-attachment":"scroll","background-type":"","background-media":"","overlay-type":"","overlay-color":"","overlay-opacity":"","overlay-gradient":""}},"ast-content-background-meta":{"desktop":{"background-color":"var(--ast-global-color-5)","background-image":"","background-repeat":"repeat","background-position":"center center","background-size":"auto","background-attachment":"scroll","background-type":"","background-media":"","overlay-type":"","overlay-color":"","overlay-opacity":"","overlay-gradient":""},"tablet":{"background-color":"var(--ast-global-color-5)","background-image":"","background-repeat":"repeat","background-position":"center center","background-size":"auto","background-attachment":"scroll","background-type":"","background-media":"","overlay-type":"","overlay-color":"","overlay-opacity":"","overlay-gradient":""},"mobile":{"background-color":"var(--ast-global-color-5)","background-image":"","background-repeat":"repeat","background-position":"center center","background-size":"auto","background-attachment":"scroll","background-type":"","background-media":"","overlay-type":"","overlay-color":"","overlay-opacity":"","overlay-gradient":""}}},"class_list":["post-15698","hemeroteca","type-hemeroteca","status-publish","hentry"],"_links":{"self":[{"href":"https:\/\/biblioteca.xativa.es\/es\/wp-json\/wp\/v2\/hemeroteca\/15698"}],"collection":[{"href":"https:\/\/biblioteca.xativa.es\/es\/wp-json\/wp\/v2\/hemeroteca"}],"about":[{"href":"https:\/\/biblioteca.xativa.es\/es\/wp-json\/wp\/v2\/types\/hemeroteca"}],"wp:attachment":[{"href":"https:\/\/biblioteca.xativa.es\/es\/wp-json\/wp\/v2\/media?parent=15698"}],"curies":[{"name":"wp","href":"https:\/\/api.w.org\/{rel}","templated":true}]}}

<ul class="wp-block-list"><li><strong>1981:</strong> <a rel="noreferrer noopener" href="https://drive.google.com/file/d/1Q99C8Rg3V_1cGgOnQ3VLg5z9wOWE5Ces/view?usp=sharing" target="_blank">Núm. 1. Xàtiva &#8211; Desembre 1981. Associació d&#8217;Amics de la Costera.</a></li><li><strong>1982:</strong> <a rel="noreferrer noopener" href="https://drive.google.com/file/d/1TgCDS_4SHc2iuTNbSqDILqGUbLtAD3Ws/view?usp=sharing" target="_blank">Núm. 2. Xàtiva &#8211; Desembre 1982. Associació d&#8217;Amics de la Costera.</a></li><li><a href="https://drive.google.com/file/d/1-tBpDFCaWSQ0PxY7eXbfkc5c6KHLp-iS/view?usp=sharing"><strong>1986:</strong> Núm. 3 y 4. Xàtiva &#8211; Juliol 1986. Associació d&#8217;Amics de la Costera.</a></li><li><a href="https://drive.google.com/file/d/1_tmFBf33K4ERrRKq4PJozibRPIwEG0It/view?usp=sharing"><strong>1987:</strong> Núm. 5. Xàtiva &#8211; Octubre 1987. Associació d&#8217;Amics de la Costera.</a></li><li><a href="https://drive.google.com/file/d/1xo5plfq8qToJHu3XmLsmtKqj-SfDjoAN/view?usp=sharing"><strong>1989:</strong> Núm. 6. Xàtiva &#8211; Juny 1989. Associació d&#8217;Amics de la Costera.</a></li><li><a href="https://drive.google.com/file/d/1FutL24Xui2nqCkeDJylqZVyd_vIgjJK4/view?usp=sharing"><strong>1992:</strong> Núm. 7 y 8. Xàtiva &#8211; Maig 1992. Associació d&#8217;Amics de la Costera.</a></li><li><a href="https://drive.google.com/file/d/1KbVxIJpvu_oXS1WT5lelV_dvuksnzJEm/view?usp=sharing"><strong>1994:</strong> Núm. 9. Xàtiva &#8211; Juny 1994. Associació d&#8217;Amics de la Costera. </a></li><li><a href="https://drive.google.com/file/d/1wD843DAkS8mTi-hG9gR86PldvrwK2VPp/view?usp=sharing"><strong>1995:</strong> Núm. 10. Xàtiva &#8211; Juny 1995. Associació d&#8217;Amics de la Costera. </a></li><li><a href="https://drive.google.com/file/d/1QvYOesw6gB5iKBZ7yxm40o51awnqnn8v/view?usp=sharing"><strong>1998:</strong> Núm. 11. Xàtiva &#8211; Abril 1998. Associació d&#8217;Amics de la Costera.</a></li></ul>



<p></p>



<p></p>
