{"id":1214,"date":"2021-09-29T15:31:30","date_gmt":"2021-09-29T15:31:30","guid":{"rendered":"https:\/\/desarrollo1.mibbo.es\/efemerides\/efe-es-efemeride-del-2-de-diciembre-de-1940\/"},"modified":"2022-01-23T19:15:19","modified_gmt":"2022-01-23T19:15:19","slug":"efe-es-efemeride-del-2-de-diciembre-de-1940","status":"publish","type":"efemerides","link":"https:\/\/biblioteca.xativa.es\/es\/efemerides\/efe-es-efemeride-del-2-de-diciembre-de-1940\/","title":{"rendered":"Efem\u00e9ride del 2 de diciembre de 1940"},"content":{"rendered":"<p>Nace Ramon Pelegero i Sanchis, <em>Raimon,<\/em> poeta, m\u00fasico y cantante, Premio de la Acad\u00e9mie du Disque Fran\u00e7aise, medalla de oro de la Generalitat de Catalu\u00f1a, Premio Ondas, Premio de Honor de la Academia de la M\u00fasica Espa\u00f1ola, medalla de oro del Ayuntamiento de Barcelona, doctor honoris causa de la Universidad de Alicante, medalla de oro del C\u00edrculo de Bellas Artes de Madrid y Premio de Honor de las Letras Catalanas.<\/p>\n","protected":false},"featured_media":0,"menu_order":0,"template":"","meta":{"site-sidebar-layout":"default","site-content-layout":"","ast-site-content-layout":"default","site-content-style":"default","site-sidebar-style":"default","ast-global-header-display":"","ast-banner-title-visibility":"","ast-main-header-display":"","ast-hfb-above-header-display":"","ast-hfb-below-header-display":"","ast-hfb-mobile-header-display":"","site-post-title":"","ast-breadcrumbs-content":"","ast-featured-img":"","footer-sml-layout":"","ast-disable-related-posts":"","theme-transparent-header-meta":"","adv-header-id-meta":"","stick-header-meta":"","header-above-stick-meta":"","header-main-stick-meta":"","header-below-stick-meta":"","astra-migrate-meta-layouts":"default","ast-page-background-enabled":"default","ast-page-background-meta":{"desktop":{"background-color":"var(--ast-global-color-4)","background-image":"","background-repeat":"repeat","background-position":"center center","background-size":"auto","background-attachment":"scroll","background-type":"","background-media":"","overlay-type":"","overlay-color":"","overlay-opacity":"","overlay-gradient":""},"tablet":{"background-color":"","background-image":"","background-repeat":"repeat","background-position":"center center","background-size":"auto","background-attachment":"scroll","background-type":"","background-media":"","overlay-type":"","overlay-color":"","overlay-opacity":"","overlay-gradient":""},"mobile":{"background-color":"","background-image":"","background-repeat":"repeat","background-position":"center center","background-size":"auto","background-attachment":"scroll","background-type":"","background-media":"","overlay-type":"","overlay-color":"","overlay-opacity":"","overlay-gradient":""}},"ast-content-background-meta":{"desktop":{"background-color":"var(--ast-global-color-5)","background-image":"","background-repeat":"repeat","background-position":"center center","background-size":"auto","background-attachment":"scroll","background-type":"","background-media":"","overlay-type":"","overlay-color":"","overlay-opacity":"","overlay-gradient":""},"tablet":{"background-color":"var(--ast-global-color-5)","background-image":"","background-repeat":"repeat","background-position":"center center","background-size":"auto","background-attachment":"scroll","background-type":"","background-media":"","overlay-type":"","overlay-color":"","overlay-opacity":"","overlay-gradient":""},"mobile":{"background-color":"var(--ast-global-color-5)","background-image":"","background-repeat":"repeat","background-position":"center center","background-size":"auto","background-attachment":"scroll","background-type":"","background-media":"","overlay-type":"","overlay-color":"","overlay-opacity":"","overlay-gradient":""}}},"class_list":["post-1214","efemerides","type-efemerides","status-publish","hentry"],"_links":{"self":[{"href":"https:\/\/biblioteca.xativa.es\/es\/wp-json\/wp\/v2\/efemerides\/1214"}],"collection":[{"href":"https:\/\/biblioteca.xativa.es\/es\/wp-json\/wp\/v2\/efemerides"}],"about":[{"href":"https:\/\/biblioteca.xativa.es\/es\/wp-json\/wp\/v2\/types\/efemerides"}],"wp:attachment":[{"href":"https:\/\/biblioteca.xativa.es\/es\/wp-json\/wp\/v2\/media?parent=1214"}],"curies":[{"name":"wp","href":"https:\/\/api.w.org\/{rel}","templated":true}]}}

Efeméride del 2 de diciembre de 1940

<p>Nace Ramon Pelegero i Sanchis, <em>Raimon,</em> poeta, músico y cantante, Premio de la Académie du Disque Française, medalla de oro de la Generalitat de Cataluña, Premio Ondas, Premio de Honor de la Academia de la Música Española, medalla de oro del Ayuntamiento de Barcelona, doctor honoris causa de la Universidad de Alicante, medalla de oro del Círculo de Bellas Artes de Madrid y Premio de Honor de las Letras Catalanas.</p>
