{"id":1469,"date":"2021-10-04T12:49:47","date_gmt":"2021-10-04T12:49:47","guid":{"rendered":"https:\/\/desarrollo1.mibbo.es\/biografias\/bio-es-pascual-y-beltran-ventura-1873-1953\/"},"modified":"2021-10-04T12:49:47","modified_gmt":"2021-10-04T12:49:47","slug":"bio-es-pascual-y-beltran-ventura-1873-1953","status":"publish","type":"biografias","link":"https:\/\/biblioteca.xativa.es\/es\/biografies\/bio-es-pascual-y-beltran-ventura-1873-1953\/","title":{"rendered":"PASCUAL Y BELTR\u00c1N, Ventura (1873-1953)"},"content":{"rendered":"<p>Naci\u00f3 el 21 de marzo de 1873. Estudi\u00f3 bachillerato en el colegio de los jesuitas de Valencia, ciudad en la que obtuvo posteriormente el t\u00edtulo de maestro, profesi\u00f3n que ejerci\u00f3 a lo largo de su vida. Su faceta biogr\u00e1fica de mayor inter\u00e9s para los setabenses es la de estudioso y divulgador de temas locales \u2014al igual que sus coet\u00e1neos Carlos Sarthou, Gonzalo Vi\u00f1es o Jos\u00e9 Chocomeli\u2014, aunque tuvo tambi\u00e9n otros centros de inter\u00e9s como la poes\u00eda y el estudio y difusi\u00f3n del valenciano (fue premiado en los Juegos Florales de Lo Rat Penat de 1906 y 1908). Su obra est\u00e1 marcada por un fuerte compromiso religioso, paralelo al de Vi\u00f1es, con el que colabor\u00f3 en el semanario El Obrero Setabense. Semanario de Propaganda Cat\u00f3lico-Social. En los a\u00f1os veinte entr\u00f3 en contacto con el grupo de historiadores de Valencia y comenz\u00f3 a publicar en diferentes revistas. Fue director del Centro de Cultura Valenciana \u2014del cual fue tambi\u00e9n bibliotecario\u2013, destacado impulsor del Centro de Estudios Borjanos \u2014tema en el que mostr\u00f3 una gran predilecci\u00f3n\u2014 y miembro de la Instituci\u00f3n de Estudios Setabenses. Entre su obra historiogr\u00e1fica hay que se\u00f1alar numerosos art\u00edculos en publicaciones como el Bolet\u00edn de la Real Academia de la Historia, Archivo de Arte Valenciano, Anales del Centro de Cultura Valenciana, Saitabi, El Obrero Setabense, J\u00e1tiva Libro de Feria, etc. Entre sus estudios monogr\u00e1ficos hay que destacar: El valenciano en la escuela y en la vida social (1918), < em>El turista en J\u00e1tiva  (1921), Curiosidades setabenses  (1924-1925), El inventor de la taquigraf\u00eda espa\u00f1ola y de la pluma estilogr\u00e1fica, Francisco de Paula Mart\u00ed. Su vida y su obra (1926) y, sobre todo, su principal obra:J\u00e1tiva biogr\u00e1fica (1931). Debe recordarse a Ventura Pascual com una persona modesta y de una gran erudici\u00f3n, al que la historiograf\u00eda local le debe mucho. X\u00e0tiva dedica a su memoria la calle donde se ubican las viviendas de Sant Feliu,  delante del Colegio Mart\u00ednez Bellver.<\/p>\n","protected":false},"featured_media":1639,"menu_order":0,"template":"","meta":{"site-sidebar-layout":"default","site-content-layout":"default","ast-site-content-layout":"default","site-content-style":"default","site-sidebar-style":"default","ast-global-header-display":"","ast-banner-title-visibility":"","ast-main-header-display":"","ast-hfb-above-header-display":"","ast-hfb-below-header-display":"","ast-hfb-mobile-header-display":"","site-post-title":"","ast-breadcrumbs-content":"","ast-featured-img":"","footer-sml-layout":"","ast-disable-related-posts":"","theme-transparent-header-meta":"default","adv-header-id-meta":"","stick-header-meta":"default","header-above-stick-meta":"","header-main-stick-meta":"","header-below-stick-meta":"","astra-migrate-meta-layouts":"default","ast-page-background-enabled":"default","ast-page-background-meta":{"desktop":{"background-color":"var(--ast-global-color-4)","background-image":"","background-repeat":"repeat","background-position":"center center","background-size":"auto","background-attachment":"scroll","background-type":"","background-media":"","overlay-type":"","overlay-color":"","overlay-opacity":"","overlay-gradient":""},"tablet":{"background-color":"","background-image":"","background-repeat":"repeat","background-position":"center center","background-size":"auto","background-attachment":"scroll","background-type":"","background-media":"","overlay-type":"","overlay-color":"","overlay-opacity":"","overlay-gradient":""},"mobile":{"background-color":"","background-image":"","background-repeat":"repeat","background-position":"center center","background-size":"auto","background-attachment":"scroll","background-type":"","background-media":"","overlay-type":"","overlay-color":"","overlay-opacity":"","overlay-gradient":""}},"ast-content-background-meta":{"desktop":{"background-color":"var(--ast-global-color-5)","background-image":"","background-repeat":"repeat","background-position":"center center","background-size":"auto","background-attachment":"scroll","background-type":"","background-media":"","overlay-type":"","overlay-color":"","overlay-opacity":"","overlay-gradient":""},"tablet":{"background-color":"var(--ast-global-color-5)","background-image":"","background-repeat":"repeat","background-position":"center center","background-size":"auto","background-attachment":"scroll","background-type":"","background-media":"","overlay-type":"","overlay-color":"","overlay-opacity":"","overlay-gradient":""},"mobile":{"background-color":"var(--ast-global-color-5)","background-image":"","background-repeat":"repeat","background-position":"center center","background-size":"auto","background-attachment":"scroll","background-type":"","background-media":"","overlay-type":"","overlay-color":"","overlay-opacity":"","overlay-gradient":""}}},"class_list":["post-1469","biografias","type-biografias","status-publish","has-post-thumbnail","hentry"],"_links":{"self":[{"href":"https:\/\/biblioteca.xativa.es\/es\/wp-json\/wp\/v2\/biografias\/1469"}],"collection":[{"href":"https:\/\/biblioteca.xativa.es\/es\/wp-json\/wp\/v2\/biografias"}],"about":[{"href":"https:\/\/biblioteca.xativa.es\/es\/wp-json\/wp\/v2\/types\/biografias"}],"wp:featuredmedia":[{"embeddable":true,"href":"https:\/\/biblioteca.xativa.es\/es\/wp-json\/wp\/v2\/media\/1639"}],"wp:attachment":[{"href":"https:\/\/biblioteca.xativa.es\/es\/wp-json\/wp\/v2\/media?parent=1469"}],"curies":[{"name":"wp","href":"https:\/\/api.w.org\/{rel}","templated":true}]}}

PASCUAL Y BELTRÁN, Ventura (1873-1953)

<p>Nació el 21 de marzo de 1873. Estudió bachillerato en el colegio de los jesuitas de Valencia, ciudad en la que obtuvo posteriormente el título de maestro, profesión que ejerció a lo largo de su vida. Su faceta biográfica de mayor interés para los setabenses es la de estudioso y divulgador de temas locales —al igual que sus coetáneos Carlos Sarthou, Gonzalo Viñes o José Chocomeli—, aunque tuvo también otros centros de interés como la poesía y el estudio y difusión del valenciano (fue premiado en los Juegos Florales de Lo Rat Penat de 1906 y 1908). Su obra está marcada por un fuerte compromiso religioso, paralelo al de Viñes, con el que colaboró en el semanario El Obrero Setabense. Semanario de Propaganda Católico-Social. En los años veinte entró en contacto con el grupo de historiadores de Valencia y comenzó a publicar en diferentes revistas. Fue director del Centro de Cultura Valenciana —del cual fue también bibliotecario–, destacado impulsor del Centro de Estudios Borjanos —tema en el que mostró una gran predilección— y miembro de la Institución de Estudios Setabenses. Entre su obra historiográfica hay que señalar numerosos artículos en publicaciones como el Boletín de la Real Academia de la Historia, Archivo de Arte Valenciano, Anales del Centro de Cultura Valenciana, Saitabi, El Obrero Setabense, Játiva Libro de Feria, etc. Entre sus estudios monográficos hay que destacar: El valenciano en la escuela y en la vida social (1918), < em>El turista en Játiva  (1921), Curiosidades setabenses  (1924-1925), El inventor de la taquigrafía española y de la pluma estilográfica, Francisco de Paula Martí. Su vida y su obra (1926) y, sobre todo, su principal obra:Játiva biográfica (1931). Debe recordarse a Ventura Pascual com una persona modesta y de una gran erudición, al que la historiografía local le debe mucho. Xàtiva dedica a su memoria la calle donde se ubican las viviendas de Sant Feliu,  delante del Colegio Martínez Bellver.</p>
